t of 35675774?
7
What is the thousands digit of 2099334?
9
What is the units digit of 3186845?
5
What is the ten thousands digit of 24624?
2
What is the hundreds digit of 3474?
4
What is the hundred thousands digit of 290199?
2
What is the units digit of 13617321?
1
What is the ten thousands digit of 24525352?
2
What is the ten thousands digit of 31499508?
9
What is the hundreds digit of 4503270?
2
What is the tens digit of 1246463?
6
What is the hundreds digit of 8487249?
2
What is the units digit of 886401?
1
What is the hundreds digit of 365193?
1
What is the hundred thousands digit of 11022260?
0
What is the units digit of 3201482?
2
What is the hundred thousands digit of 1094519?
0
What is the tens digit of 582283?
8
What is the units digit of 4670724?
4
What is the units digit of 1819213?
3
What is the thousands digit of 25997576?
7
What is the hundred thousands digit of 2818811?
8
What is the hundreds digit of 515154?
1
What is the tens digit of 226350?
5
What is the ten thousands digit of 1184748?
8
What is the thousands digit of 163344?
3
What is the units digit of 2603762?
2
What is the thousands digit of 1407819?
7
What is the thousands digit of 75004?
5
What is the ten thousands digit of 7975079?
7
What is the hundreds digit of 341529?
5
What is the units digit of 6461566?
6
What is the hundreds digit of 6095790?
7
What is the millions digit of 1883502?
1
What is the thousands digit of 467364?
7
What is the ten thousands digit of 7667533?
6
What is the units digit of 214914?
4
What is the thousands digit of 527771?
7
What is the ten thousands digit of 1417091?
1
What is the hundred thousands digit of 1129125?
1
What is the hundreds digit of 1634389?
3
What is the hundred thousands digit of 207572?
2
What is the tens digit of 276764?
6
What is the ten thousands digit of 108952?
0
What is the hundred thousands digit of 747400?
7
What is the units digit of 2547361?
1
What is the tens digit of 5430030?
3
What is the tens digit of 336597?
9
What is the millions digit of 1014091?
1
What is the hundred thousands digit of 502309?
5
What is the thousands digit of 110578?
0
What is the hundreds digit of 166713?
7
What is the ten thousands digit of 182074?
8
What is the millions digit of 8771792?
8
What is the hundreds digit of 294952?
9
What is the units digit of 1537692?
2
What is the thousands digit of 745591?
5
What is the ten thousands digit of 1864703?
6
What is the thousands digit of 3762152?
2
What is the thousands digit of 26479?
6
What is the hundred thousands digit of 289144?
2
What is the units digit of 104092?
2
What is the ten thousands digit of 2487133?
8
What is the thousands digit of 5183048?
3
What is the ten millions digit of 14749480?
1
What is the tens digit of 9301649?
4
What is the tens digit of 6515847?
4
What is the units digit of 1167289?
9
What is the units digit of 210048?
8
What is the thousands digit of 305121?
5
What is the tens digit of 471022?
2
What is the units digit of 3744127?
7
What is the ten thousands digit of 15576898?
7
What is the ten millions digit of 13934061?
1
What is the hundred thousands digit of 24867476?
8
What is the millions digit of 2217407?
2
What is the tens digit of 716247?
4
What is the ten thousands digit of 1069604?
6
What is the tens digit of 2547088?
8
What is the units digit of 1630958?
8
What is the tens digit of 1175808?
0
What is the hundreds digit of 197275?
2
What is the ten thousands digit of 14016172?
1
What is the units digit of 328863?
3
What is the hundreds digit of 548831?
8
What is the hundreds digit of 774119?
1
What is the millions digit of 5453297?
5
What is the hundreds digit of 1442980?
9
What is the hundred thousands digit of 1145724?
1
What is the thousands digit of 1143409?
3
What is the units digit of 113615?
5
What is the tens digit of 7975757?
5
What is the hundred thousands digit of 2620832?
6
What is the units digit of 539706?
6
What is the millions digit of 1549998?
1
What is the millions digit of 7871576?
7
What is the ten thousands digit of 670697?
7
What is the hundreds digit of 2488194?
1
What is the units digit of 4573779?
9
What is the tens digit of 1627940?
4
What is the tens digit of 1587370?
7
What is the units digit of 4941037?
7
What is the hundreds digit of 94546?
5
What is the millions digit of 1390528?
1
What is the units digit of 572847?
7
What is the units digit of 19528602?
2
What is the thousands digit of 11520817?
0
What is the hundred thousands digit of 1840610?
8
What is the tens digit of 8507062?
6
What is the units digit of 227912?
2
What is the ten millions digit of 15821698?
1
What is the ten thousands digit of 4113560?
1
What is the tens digit of 857904?
0
What is the millions digit of 8817941?
8
What is the thousands digit of 4022658?
2
What is the hundreds digit of 228005?
0
What is the units digit of 344689?
9
What is the tens digit of 267084?
8
What is the ten thousands digit of 7651163?
5
What is the units digit of 30271632?
2
What is the units digit of 9921081?
1
What is the hundreds digit of 8846628?
6
What is the millions digit of 2277407?
2
What is the ten thousands digit of 3600346?
0
What is the units digit of 3280323?
3
What is the units digit of 524556?
6
What is the millions digit of 25839398?
5
What is the units digit of 70415?
5
What is the ten millions digit of 24163088?
2
What is the ten thousands digit of 683246?
8
What is the ten thousands digit of 246384?
4
What is the hundreds digit of 3562911?
9
What is the hundred thousands digit of 731774?
7
What is the millions digit of 3667010?
3
What is the hundreds digit of 1213154?
1
What is the hundred thousands digit of 513207?
5
What is the tens digit of 263822?
2
What is the hundreds digit of 112910?
9
What is the hundreds digit of 776287?
2
What is the tens digit of 986975?
7
What is the units digit of 135397?
7
What is the units digit of 75953?
3
What is the millions digit of 11771794?
1
What is the millions digit of 8810052?
8
What is the ten millions digit of 10702040?
1
What is the millions digit of 8069749?
8
What is the tens digit of 170080?
8
What is the thousands digit of 1198829?
8
What is the units digit of 146867?
7
What is the tens digit of 7272249?
4
What is the thousands digit of 182093?
2
What is the thousands digit of 66585?
6
What is the tens digit of 7499995?
9
What is the thousands digit of 3239305?
9
What is the thousands digit of 309823?
9
What is the thousands digit of 182784?
2
What is the tens digit of 1702712?
1
What is the thousands digit of 22699201?
9
What is the units digit of 169632?
2
What is the tens digit of 619154?
5
What is the ten thousands digit of 5452940?
5
What is the thousands digit of 2635253?
5
What is the hundred thousands digit of 114522?
1
What is the tens digit of 1430012?
1
What is the tens digit of 189394?
9
What is the tens digit of 150311?
1
What is the ten millions digit of 12324268?
1
What is the hundreds digit of 66540?
5
What is the millions digit of 39944756?
9
What is the millions digit of 2928552?
2
What is the thousands digit of 54890?
4
What is the ten thousands digit of 115825?
1
What is the tens digit of 1997574?
7
What is the thousands digit of 706290?
6
What is the thousands digit of 3486003?
6
What is the units digit of 14710984?
4
What is the ten thousands digit of 9132187?
3
What is the units digit of 34519?
9
What is the hundreds digit of 13477455?
4
What is the hundred thousands digit of 4532925?
5
What is the tens digit of 9079143?
4
What is the ten thousands digit of 104467?
0
What is the tens digit of 531678?
7
What is the hundred thousands digit of 5054581?
0
What is the ten thousands digit of 35805?
3
What is the ten thousands digit of 2554479?
5
What is the units digit of 105663?
3
What is the ten thousands digit of 112751?
1
What is the millions digit of 16026434?
6
What is the units digit of 3360807?
7
What is the units digit of 1836273?
3
What is the hundreds digit of 4398782?
7
What is the hundreds digit of 1181629?
6
What is the hundred thousands digit of 1024134?
0
What is the units digit of 1611575?
5
What is the thousands digit of 517780?
7
What is the tens digit of 6199881?
8
What is the ten thousands digit of 544335?
4
What is the ten thousands digit of 933294?
3
What is th